z?
19, 47
Suppose y - 345 = -v, 0*y - 3*y + 1023 = -v. Suppose y - 2756 = -17*i. List the prime factors of i.
2, 71
Let u = -55 - -60. Suppose -237 + 752 = u*j. What are the prime factors of j?
103
Let c be -14*2/(-6)*(-12)/(-14). Let j(v) = 14*v + 9. List the prime factors of j(c).
5, 13
Suppose 165 = 5*r + 65. Let u be 10/(1 + (-69)/72). List the prime factors of ((-24)/r)/((-9)/u).
2
Suppose -3769 - 3665 = -14*i. List the prime factors of i.
3, 59
List the prime factors of -1 + ((-10)/(-6) - 1)*714.
5, 19
What are the prime factors of 5982/4*42/63?
997
Let w(p) = -9*p + 14*p + 11*p**2 - p**3 + 14*p + 4*p**2 + 8. What are the prime factors of w(16)?
2, 7
Let m = 0 + 5. Suppose 0 = m*s + 5 - 0. List the prime factors of 5 + (-3 - (0 + s)).
3
Let f(t) = t**3 - 4*t**2 - 18*t + 9. Let g be f(9). Suppose -248*v - 988 = -g*v. What are the prime factors of v?
13, 19
Suppose -27*d + 23*d - 12 = 0. Let f(j) = j**2 + 8. Let y be f(0). Let c = d + y. What are the prime factors of c?
5
Let c = 557 + -45. What are the prime factors of c?
2
Let l(h) = 8*h - 53. Let m = -62 + 69. What are the prime factors of l(m)?
3
Suppose 5*p + 76 = 326. Let w = 88 - p. Let y = w + -8. List the prime factors of y.
2, 3, 5
Suppose 5*i = -10 + 40. Let q = i + -15. List the prime factors of (-171)/6*6/q.
19
Let p = -4004 + 7581. List the prime factors of p.
7, 73
Suppose 3*x - 6*x - 30 = 0. Let k be (2 + x/8)*-4. Let h = 15 - k. List the prime factors of h.
2, 3
Suppose 0*i + o = 4*i - 511, 0 = -3*o - 9. What are the prime factors of i?
127
Suppose -3*k = 3*f - 123, 5*k = 5*f - 7*f + 205. What are the prime factors of k?
41
Let q be 0 + 1 + 9 + -4 + 309. Suppose q = 3*m + 2*m. What are the prime factors of m?
3, 7
Suppose -18*m - a = -21*m + 2952, 0 = -3*m - a + 2952. What are the prime factors of m?
2, 3, 41
Suppose -2476 = -3*m - 2*i, 3*i - 750 = 3*m - 3246. List the prime factors of m.
2, 3, 23
List the prime factors of (-8)/14*-7 + 620.
2, 3, 13
Let n(o) = -o**3 + 2*o**2 + 5. Let g be n(0). Suppose 0 = -9*l + g*l + 128. List the prime factors of l.
2
Let x(b) = -13*b + 17. Let m be x(7). Let t = 115 + m. Suppose 0 = 6*z - 319 - t. List the prime factors of z.
2, 3, 5
Let w = 1731 - -515. Suppose 7*m - w + 622 = 0. What are the prime factors of m?
2, 29
Let q be 2/5 + (-4)/10. Let n be (-1)/(-4)*(q + 12). What are the prime factors of (-19 + 2)/(n + -4)?
17
Let w = -30 - -9. Let g be (-1 + -5)*(-2)/(-2). Let z = g - w. List the prime factors of z.
3, 5
Let g(w) = 44*w**3. Let s be g(1). Let i(l) = -8*l. Let r be i(3). Let x = r + s. What are the prime factors of x?
2, 5
Suppose 0*d = -2*d + 440. Let h = 131 - d. Let f = h - -142. What are the prime factors of f?
53
Let q be (-78)/(-12) + 2/(-4). List the prime factors of 7/(7/q) - 1.
5
List the prime factors of 6/(-8) + -1*631/(-4).
157
Let h = 5241 - 3267. What are the prime factors of h?
2, 3, 7, 47
Let r be 4/((-48)/(-3))*12. What are the prime factors of (-286)/(-11)*(-1)/r*-6?
2, 13
Suppose -34782 = 39*a - 72*a. List the prime factors of a.
2, 17, 31
Let j = -47 - -51. Suppose 0*z + 142 = 2*z - j*n, 0 = 3*z - 2*n - 213. List the prime factors of z.
71
Let d = 10 + -5. Suppose 0 = -0*m + d*m - 95. Let y = m - 3. List the prime factors of y.
2
Let o = 1219 + -477. What are the prime factors of o?
2, 7, 53
Let i(b) = -370*b + 7. List the prime factors of i(-1).
13, 29
Suppose 2*r + 7 = 3*q, -4*r = -2*q + 3 - 9. Suppose 0 = 8*x - q*x - 15. What are the prime factors of x?
5
Suppose -1179 = 3*p - 12*p. What are the prime factors of p?
131
Let w = 56 - 46. Suppose 132 = 11*d - w*d. What are the prime factors of d?
2, 3, 11
Let m(w) = w**3 - w**2 - 6*w - 4. Let q be m(3). Let c = -32 - -6. Let y = q - c. What are the prime factors of y?
2, 11
Let x(n) = -n**2 + 6*n + 1. Let u(q) = 3*q + 1. Let a(h) = 13*u(h) - 6*x(h). Let m be a(-4). Let j = 162 - m. List the prime factors of j.
71
Suppose -35 = 2*h + 45. List the prime factors of ((-48)/h)/((-3)/(-40)).
2
Let f(o) be the second derivative of 0 - 9/2*o**2 - 7*o + 2/3*o**3. List the prime factors of f(7).
19
Suppose 0 = -11*t + 20*t - 81. Suppose -546 - 255 = -t*m. What are the prime factors of m?
89
Let g(o) = o**3 - 2*o**2 + 36*o - 16. List the prime factors of g(9).
5, 7
Let q = -453 + 177. List the prime factors of q/(-10) + (56/(-20))/(-7).
2, 7
Suppose -3*z - 10 = -85. Suppose -4*s + 40 = 3*o, -s + 2*o + z = 4. Suppose -i + 11 = -s. List the prime factors of i.
2, 3
Let a(n) = -n**3 + 12*n**2 + 7*n + 7. List the prime factors of a(11).
5, 41
Let o(a) = a**2 + 46*a + 837. What are the prime factors of o(-45)?
2, 3, 11
Let w = 5949 - 2764. What are the prime factors of w?
5, 7, 13
Let j be 3 + 0 + 0 + -1. Suppose -3*m + j = -151. Let q = m - 30. What are the prime factors of q?
3, 7
Let c(i) be the first derivative of 27*i**2/2 + 5*i - 4. Let d(h) = -80*h - 14. Let f(v) = -17*c(v) - 6*d(v). List the prime factors of f(2).
41
Suppose -5*u = -u - 1872. List the prime factors of u.
2, 3, 13
Suppose s + 832 = 3*p, -p - 83 = -s - 359. What are the prime factors of p?
2, 139
Suppose 11*f - 568 = 2347. List the prime factors of f.
5, 53
Suppose -819 = 4*h - g, -h - 4*g - 104 - 122 = 0. Let c = -83 - h. What are the prime factors of c?
3, 41
Let s be 2/(-4)*1*-4. Let q = -67 + 70. Suppose -2*h = -s*r + 2*h + 18, 0 = 5*r + q*h - 45. List the prime factors of r.
3
Let l(u) = 30*u - 4. Let d be l(7). Suppose -2*b = -d - 172. Suppose 0 = 2*i - 5*i + b. List the prime factors of i.
3, 7
Let f = 299 - 293. List the prime factors of f.
2, 3
What are the prime factors of 41982/20 + 2/(-20)?
2099
Let o(d) = -d**3 + 13*d**2 + 5. Let m be o(13). Suppose 358 = m*j + 98. What are the prime factors of j?
2, 13
Suppose 39*q - 25504 = 33698. List the prime factors of q.
2, 3, 11, 23
Let t = -10 - -7. Let d be 89 - 2/t*-3. Let k = d - 11. What are the prime factors of k?
2, 19
Suppose 3*z = -2*n + 6987, -34*z - 4*n = -36*z + 4674. List the prime factors of z.
3, 7, 37
Let x be ((-3)/(-9)*0)/(-1). Let k = -3 + x. What are the prime factors of k/(-15) - 199/(-5)?
2, 5
Let l(v) = -v**3 - 18*v**2 + 17*v + 9. Let y be l(-19). Let m = y - 43. What are the prime factors of m?
2
What are the prime factors of 30033/27 + 1/(-3)?
2, 139
Suppose 0 = 9*i + 1082 - 3980. What are the prime factors of i?
2, 7, 23
Suppose 2*l + 118 = 20. What are the prime factors of (l/4 - 39/52)*-4?
2, 13
Suppose 0 = -3*c + 9. Suppose -w + 7 = -4*s, c*s + w + w - 3 = 0. List the prime factors of 42*(1/s - -2).
2, 3, 7
Suppose 2 = -2*m, -2*p + 2*m = m - 263. Suppose -a - 29 = -p. What are the prime factors of a?
2, 3, 17
Let r = 253 + -97. Suppose -6*m = -2*m, -4*l = 2*m - r. What are the prime factors of l?
3, 13
Suppose -16*l + 4918 = -5290. List the prime factors of l.
2, 11, 29
Suppose 0 = 6*n - 4*n. Suppose z - 4*w = -1 - 0, -4*w + 20 = n. Let d = -17 + z. What are the prime factors of d?
2
Let y(b) = -3*b**3 - 7*b**2 + 20*b + 21. List the prime factors of y(-7).
3, 7
Let c be 4*(21*25)/3. Suppose 0 = -2*z - 248 + c. What are the prime factors of 6/8 - z/(-8)?
29
Let u(r) = -r**3 + 23*r**2 + 8*r + 159. List the prime factors of u(21).
3, 13, 31
Let q(n) = -n**2 + 63*n - 39. List the prime factors of q(41).
863
Let g(l) = l**3 + 7*l**2 - 10*l - 10. Let j be g(-8). Suppose -4*f = -j*f + 372. List the prime factors of f.
2, 3, 31
Let a(r) = -7*r + 10. Let b be a(4). Let t = b + 16. List the prime factors of (-3)/t*(-28)/(-6).
7
Let z be (4 - -5)*(-1)/(-3). What are the prime factors of 2/z*(-540)/(-24)?
3, 5
Suppose 5*k = 9*k - 64. Let p = k + -2. Let m = p - -4. What are the prime factors of m?
2, 3
Suppose 3*c - 174 = -s, 0 = -2*s + 4*s - 5*c - 370. Let o = s - 87. What are the prime factors of o?
3, 31
Suppose 0 = -2*k + 2*z - 6*z - 8, 2*z = -10. What are the prime factors of k?
2, 3
Suppose -2*b = 3*u + 33, -4*u + 6*u = -b - 14. Let a = b + 24. Suppose -i + a*i = -26. What are the prime factors of i?
2, 13
Let z be (-2)/(-13) + 4872/104. Suppose 3*d = 4*d + z. Let o = 93 + d. List the prime factors of o.
2, 23
Let a(u) = -568*u - 57. What are the prime factors of a(-2)?
13, 83
Let q = -28 + 32. Suppose -q*d = 2*l - 90, d + 65 = 4*l - 2*l. List the prime factors of (l + -7)/(2/5).
2, 5, 7
Let p = 711 + 189. List the